40
Calculate the remainder when 3/((-6)/(-694))*(90 - 85) is divided by 9.
7
Let g = -10 - -17. Let a(l) = l**2 + 3*l - 7. Suppose 4*y + 21 + 3 = 0. Calculate the remainder when a(y) is divided by g.
4
What is the remainder when 48 is divided by 2 + -1 - 28/(-7)?
3
Suppose -3*x + 12 = 0, -x = p - 13 - 27. Let i = 46 - p. What is the remainder when (54/(-4) - 1)*-2 is divided by i?
9
Let o = -702 + 707. Calculate the remainder when 287 is divided by o.
2
Let j(t) = 158*t - 527. Let l(n) = 27*n**3. Calculate the remainder when j(4) is divided by l(1).
24
Let v(x) = -x + 1. Suppose -2*w + 3*c + 314 = 2*w, 3*w - 235 = 2*c. Suppose 2*i + 5*i = w. Calculate the remainder when i is divided by v(-6).
4
Let g be 132/(-5) - (-12)/30. Let k = -116 - g. What is the remainder when (-6)/(-10)*k/(-2) is divided by 14?
13
Suppose 12 = -u + 3. Let o = u + 12. Calculate the remainder when (-568)/(-40) + 8/10 is divided by o.
0
Suppose 42 = 2*c + 2*i - 60, -c - 4*i = -45. Let z = 40283 + -40268. Calculate the remainder when c is divided by z.
8
Suppose -2*c + 0 - 2 = 0, -v = -c - 33. What is the remainder when 106 is divided by v?
10
Let h(m) = -m**3 - 8*m**2 - 16*m - 8. Let x be h(-8). Suppose 4*k - x = 96. Let a(u) = 5*u - 6. Calculate the remainder when k is divided by a(4).
12
Suppose 2*s = -r - 10, -4*r = -3*r + 5*s + 25. Let j(k) = k + r - 9 + 0*k - 4*k. What is the remainder when 35 is divided by j(-6)?
8
Let r = 8 + 109. Calculate the remainder when r is divided by 15.
12
Let j = -57 - -62. What is the remainder when 47 is divided by (-13)/((-130)/(-4)) - (-62)/j?
11
Suppose -a + 14 = -3. Suppose 2*f + 261 - 349 = 0. Calculate the remainder when f is divided by a.
10
Let u(n) = 4*n**2 - 15*n + 6. Let y = 19 + -13. Calculate the remainder when u(y) is divided by 21.
18
Suppose 3091 - 121 = 99*v. What is the remainder when 1588 is divided by v?
28
Suppose -5*i + 42 = 12. Calculate the remainder when (-4)/18 + (-400)/(-18) is divided by i.
4
Let k(o) = 14*o**2 - 5*o + 7. Calculate the remainder when k(3) is divided by 12.
10
Suppose -293*u = -309*u + 656. Suppose 3*f + 3*m = 48 + 15, 4*m + 42 = 2*f. What is the remainder when u is divided by f?
20
Suppose -59*x - 230 = -69*x. What is the remainder when 274 is divided by x?
21
Let m = -22 + 28. Let x(b) = -b + 12. Let o be x(m). Suppose 6*h = 120 + o. Calculate the remainder when 58 is divided by h.
16
Let y(j) = j**2 + 2*j + 1. Let n(u) = -27*u - 103. What is the remainder when y(-5) is divided by n(-4)?
1
What is the remainder when (-98)/(-3 - -1) - 2 is divided by 13?
8
Let h = 24 + -19. Let m be (-3*1)/((-12)/176). Calculate the remainder when 297/m - 3/4 is divided by h.
1
What is the remainder when 76 is divided by (-1350)/(-324) - 5/(-6)?
1
What is the remainder when 8985/6 + (-12)/24 is divided by 50?
47
Let z = 59 - 37. What is the remainder when 63 is divided by z?
19
Let y(u) = -3*u - 1. Let o = -719 - -724. What is the remainder when o is divided by y(-1)?
1
Let y(z) = z**3 + 13*z**2 - 3*z - 10. What is the remainder when 228 is divided by y(-13)?
25
Let y = 44 + -42. Suppose -y*l - 11 = -25. What is the remainder when l is divided by 5?
2
Suppose 0 = -b - 5*a + 59, 168 = 13*b - 9*b + 3*a. Suppose 26 = 4*d - 30. What is the remainder when b is divided by d?
11
Calculate the remainder when 387 is divided by (52/(-6))/(((-32)/(-36))/(-4)).
36
Let c = -405 + 285. Let m = -59 - c. Calculate the remainder when m is divided by 16.
13
Let f = -1652 + 1703. What is the remainder when f is divided by 22?
7
Let f = 103 + -27. Suppose -2*k = -0*k - f. Let s(w) = 14*w**3 - 2*w + 2. Calculate the remainder when k is divided by s(1).
10
Let s be 6/8 - (-363)/12. Suppose 0 = 3*p + 1 - s. What is the remainder when (5/p)/((-1)/(-118)) is divided by 15?
14
Suppose 0 = -3*t + 13 - 1. Suppose 2 = t*o - 62. Suppose 0 = -4*z + 12 + 232. Calculate the remainder when z is divided by o.
13
Let l = -230 + 240. Calculate the remainder when 37 is divided by l.
7
What is the remainder when (2/30)/(4/(-1884))*-5 is divided by 54?
49
Let r = -55 + 32. Let s = r - -28. Calculate the remainder when s is divided by 2.
1
Suppose 199*z = 187*z + 204. Calculate the remainder when 65 is divided by z.
14
Let n(q) = q + 5. Let h be n(-2). Suppose -4*f - g + 44 = -f, 3*f - h*g - 24 = 0. Calculate the remainder when f is divided by 5.
3
Suppose -24*d + 201 + 156 = -3*d. Suppose 2*m + 0*b = 2*b + 94, 0 = -3*m + 2*b + 145. Calculate the remainder when m is divided by d.
0
Let g(x) = -3 + x + 1 - 7*x**2 + 21*x**2. Let p = 4 + -3. What is the remainder when 24 is divided by g(p)?
11
Calculate the remainder when ((-451)/(-66))/((-3)/(-90)) is divided by 74.
57
Suppose -4*w + 2*r = -114, -4*w + 116 + 5 = 5*r. Suppose 5*d - 2*u - w = 19, -2*d - 5*u = 4. Calculate the remainder when 2/4 + 1098/36 is divided by d.
7
Let i(j) = -23*j + 406. Calculate the remainder when i(10) is divided by 156.
20
Calculate the remainder when 106 is divided by -11*(5 + (-6 - 4)).
51
Suppose 4*y - 107 = 81. Let t(i) = -8. Let l(b) = -b. Let m(p) = 4*l(p) + 2*t(p). What is the remainder when y is divided by m(-7)?
11
Let f(a) = a + 4. Let b be f(-4). What is the remainder when 76 is divided by (2 - b) + (30 - (-4 + 7))?
18
Suppose -16*j + 1596 = 41*j. Let z(y) = 2*y**2 + 4*y. What is the remainder when j is divided by z(-4)?
12
Calculate the remainder when 67 is divided by (47/94)/(1/70).
32
Let v(o) = -22*o + 66. Calculate the remainder when v(-8) is divided by 27.
26
Let b(t) = t**3 - 14*t**2 + 17*t - 5. What is the remainder when b(13) is divided by 24?
23
Let q be (-2)/5 + (-110)/(-25). What is the remainder when (25 - (2 - q))/(2/6) is divided by 14?
11
Let t(p) = p**3 - 2*p**2 - 4*p + 1. Let u(s) = -s + 10. Let g be u(6). Suppose -6*r = -r - 50. Calculate the remainder when t(g) is divided by r.
7
Let t(s) = s**3 + 14*s**2 + 44*s + 3. What is the remainder when t(-7) is divided by 21?
17
What is the remainder when 4/5 - (-3192)/60 is divided by 14?
12
What is the remainder when 3549 is divided by (-189)/(-5) - (-36)/(-45)?
34
Let w(h) = h**2 + 5*h - 59. Calculate the remainder when 30 is divided by w(-12).
5
Let f = 217 - 111. Suppose 6*y - 424 + f = 0. What is the remainder when y is divided by 28?
25
Let g(c) = -c**3 - 5*c**2 + 4*c - 2. Let x be g(3). Let y = x - -83. Calculate the remainder when 61 is divided by y.
19
Let q(j) = 3*j - 12. Let u be q(7). Suppose 3*c + 138 = u*c. What is the remainder when c is divided by 8?
7
Suppose 0 = -5*f - 2 - 3. Let b be (-1 + f)*(-15)/6. Suppose -35 = -b*o + 60. What is the remainder when 75 is divided by o?
18
Let k(s) = 26*s**2 + 9*s - 13. Calculate the remainder when k(6) is divided by 109.
105
Suppose -5*d + 12 + 13 = 0. Suppose 0 = d*x + 9 - 79. Suppose g + 5*b - 3*b = 29, -5*b + 35 = g. Calculate the remainder when g is divided by x.
11
Suppose 41 - 7 = 2*v. Let t = 5 - 2. Suppose -1 = 5*g + 24, -4*m - t*g = -9. What is the remainder when v is divided by m?
5
Suppose 2*c + 2*h - 422 = 0, 9*h - 5*h = c - 221. What is the remainder when c is divided by 23?
6
Suppose 0 = -2*u + 2*n + 498, 0 = -2*n + 3*n + 1. Suppose -r + u = 3*r. Suppose 4*j - 32 = 2*j. Calculate the remainder when r is divided by j.
14
Calculate the remainder when (-379 + 153)*(-6)/4 is divided by 58.
49
Let w = 187 + 64. Calculate the remainder when w is divided by 63.
62
Let o(q) = 11*q - 1. Let l(p) = -2*p**3 - 7*p**2 - 7*p + 3. Suppose 15 = 14*b - 19*b. Calculate the remainder when o(4) is divided by l(b).
13
Suppose -4*d + 613 - 97 = 0. What is the remainder when 1160 is divided by d?
128
Suppose 0 = -5*z + 5*y + 40, 4*y - 7 = -z + 1. Calculate the remainder when 221 is divided by z.
5
Suppose -13*f - 601 + 5658 = 0. What is the remainder when f is divided by 14?
11
Let d(b) = -2*b + 30. Suppose -5*q - 3*o = -q + 41, 0 = -3*q - 4*o - 29. Calculate the remainder when d(q) is divided by 28.
24
Suppose -6*x + 7*x - 47 = 0. Calculate the remainder when 88 is divided by x.
41
Let p = -17 - -20. Let a = 11 + -3. Let s = a + -5. Calculate the remainder when p is divided by s.
0
Let p = 362 - 272. Calculate the remainder when 97 is divided by p.
7
What is the remainder when 316 is divided by (1 + 0)*1024/32?
28
Let i(w) = -2*w**3 + 13*w**2 + 4*w